 3*r(k). Let d be z(-2). Let n = 108 - d. What are the prime factors of n?
2, 3, 11
Suppose 3*u = -0*u + 3. Suppose 4*s + 7*s = 44. List the prime factors of (s - u)*(3 - 2).
3
Suppose 9*m - 5237 - 298 = 0. List the prime factors of m.
3, 5, 41
Let c(a) = -a**3 - 9*a**2 - 9*a - 4. Let s be c(-8). Let o(b) = b - 4*b + 1 - s. List the prime factors of o(-3).
2, 3
Let d(f) = -f + 5. Let p be d(0). Suppose 10*q - 6*q = -p*g + 634, -q = -2*g + 264. What are the prime factors of g?
2, 5, 13
Suppose -3*o + 0*o + 292 = t, -5*t = 5*o - 500. Suppose 0*j = 4*m + j - 121, -3*m + j + o = 0. What are the prime factors of m?
31
Suppose 4*x - 2*g = 6, 25 = 2*x + 5*g + 4. Let f be -2 + -2*x/(-3). Suppose 4*w - 5*w + 8 = f. List the prime factors of w.
2
Suppose -5*r = 2*c + 3*c - 295, -4*r + 178 = 3*c. Suppose -16 + c = 3*a. Let o = 26 - a. What are the prime factors of o?
2, 3
List the prime factors of (4 + -3 + 40)/(-19 + 20).
41
Let i(b) = b**3 - 20*b**2 - 36*b + 45. What are the prime factors of i(23)?
2, 3, 67
What are the prime factors of 595/(1/(-2) + (-310)/(-372))?
3, 5, 7, 17
Suppose -3*w - 733 = n + 330, -2*n = 3*w + 1067. Let v = -246 - w. What are the prime factors of v?
107
Let y(l) = 5*l - 5*l**3 + 6*l**3 + 10*l**2 - 1 - l. List the prime factors of y(-8).
5, 19
Suppose i = 5*u + 10, -61 = -3*i - i - u. Suppose 2*z = -3*z + i. Let n = z + 3. What are the prime factors of n?
2, 3
Let f be (-210)/4*(-36)/27. Let q = -23 + f. List the prime factors of q.
47
Let x = 309 + 15. List the prime factors of x.
2, 3
Let v(a) = -a**3 - 7*a**2 - 6*a + 3. Let b be v(-6). Let t = -228 + 393. Suppose 99 + 30 = 3*k - 4*h, -4*k + b*h = -t. What are the prime factors of k?
3, 13
Suppose -k = -9 - 12. Suppose -21 = -3*y + k. Let s = y - 2. List the prime factors of s.
2, 3
Let g(n) = n**3 + 18*n**2 + 34*n + 11. What are the prime factors of g(-10)?
3, 157
Let r be (4/(8/10))/1. Suppose -5*h - 65 = -r*m, -3*h - 1 = -m + 8. List the prime factors of m.
3, 5
Suppose 0 = -13*q + 4*q + 1116. List the prime factors of q.
2, 31
Let b(z) = -9*z - 2. Let v be b(1). Let d = v - -22. List the prime factors of d.
11
What are the prime factors of (0 - (6 - 5))*-94?
2, 47
Suppose 12*p = 17*p - 285. Let v = p + -54. List the prime factors of v.
3
Suppose -5598 + 768 = -6*w. What are the prime factors of w?
5, 7, 23
Let j(n) = 2*n**2 - 6. Let x be j(-3). Let i be -87*((-8)/x)/1. Suppose -2*y + 75 = 3*b - 41, -3*b = y - i. What are the prime factors of y?
2, 29
Let s(l) = 446*l + 125. List the prime factors of s(5).
3, 5, 157
Suppose 2*m + 0*m = h + 48, -5*h - m - 207 = 0. Suppose 2*w + 4*r + r = 142, 0 = 4*w - r - 240. Let i = h + w. List the prime factors of i.
19
Let v(q) = -q - 9. Let h be v(-9). Suppose -17 = -3*u - n, h = 2*u + 2*n - 4*n - 6. Suppose u*o = 22 + 38. What are the prime factors of o?
2, 3
Suppose -o + 2 = -0*o. Suppose -5*w = -8 - o. Suppose w*q + 5*t - 1 = 21, -82 = -5*q + t. What are the prime factors of q?
2
Let k be (-2)/8*(-8 - (3 - -1)). List the prime factors of (4/k)/(24/900).
2, 5
Let u be -10*(10/(-65) + 72/130). List the prime factors of 17 + (-4 - 3 - u).
2, 7
Suppose -5*r - 100*j = -103*j - 2871, -2298 = -4*r + 3*j. What are the prime factors of r?
3, 191
Let j(o) = 294*o**2 - 4*o + 13. What are the prime factors of j(2)?
1181
Let p = 47 - 43. Suppose 0 = 3*l - 4*h - 13, 5*l + p*h - 35 = 8*h. List the prime factors of l.
11
Let s = 17 - -5. Suppose -44 = -4*h - 3*b, 5*h - 3*h - s = -b. List the prime factors of h.
11
Let m be (-4)/(-14) - (-33)/7. Suppose 9 = m*q - 1. Suppose -6*t = -q*t - 20. List the prime factors of t.
5
Suppose -25*z - 319 = -26*z. List the prime factors of z.
11, 29
Suppose -o = -4*q + 1441, -3*q + 10*o + 1068 = 5*o. List the prime factors of q.
19
Let c = 318 + -105. Suppose 4*l - 195 = c. List the prime factors of l.
2, 3, 17
Suppose t = 2*s - 1088, -3*s - t + 1644 = 17. Suppose 4*d + 2*z - s = 3*z, 534 = 4*d + 2*z. List the prime factors of d.
3, 5
Suppose 3*t - 9 = 3. Suppose -60 = -4*h - h - 2*y, -t*y = -3*h + 62. List the prime factors of h.
2, 7
Suppose -3*z = 5*f - 13324, -5394 = -2*z + 11*f + 3417. What are the prime factors of z?
11, 13, 31
Let s(h) = -3*h**3 - 24*h**2 + 13*h - 1. Let p(m) = 5*m**3 + 36*m**2 - 19*m + 1. Let n(b) = -5*p(b) - 8*s(b). List the prime factors of n(11).
5
Let q(l) = 4*l**3 - 12*l**2 + 11*l + 13. Let u(p) = -7*p**3 + 23*p**2 - 21*p - 27. Let t(s) = -5*q(s) - 3*u(s). List the prime factors of t(10).
2, 7
Let w be (4/6)/(18/945). Suppose w + 175 = 2*h. What are the prime factors of h?
3, 5, 7
Let w(r) = -r**3 - r**2 - 7*r - 5. Suppose 15 = 5*s, -4*z + 5*s = 2*s + 25. What are the prime factors of w(z)?
71
Suppose 0 = s + 2, 9*a - s = 5*a + 14. Suppose 5*u = 2*u. Suppose 0 = -u*m + a*m + 3*d - 189, -d - 321 = -5*m. List the prime factors of m.
2
Let u(x) = x**2 + 14*x - 11. Let j be u(-15). Suppose 4*w - 289 + 51 = 2*v, -j*w = -4*v - 228. List the prime factors of w.
2, 31
Let l = -3780 - -6414. What are the prime factors of l?
2, 3, 439
Suppose -446 = -2*j + 2*f - 130, -4*j + 635 = -f. List the prime factors of j.
3, 53
Suppose 5*p - 12 = -4*u, 0 = -5*u + p + 7 + 8. Suppose -152 + 806 = u*k - 2*w, -4*k = 2*w - 886. What are the prime factors of k?
2, 5, 11
Let t = -410 + 1077. What are the prime factors of t?
23, 29
Let n(w) = 3*w**2 + 4*w - 9. Let o(c) = -7*c**2 - 9*c + 18. Let u(i) = 5*n(i) + 2*o(i). Let h be ((-2)/(-4))/((-1)/14). List the prime factors of u(h).
2, 13
Suppose 4*u + 5*j = 3577, 0 = -6*u + 9*u + 4*j - 2683. What are the prime factors of u?
19, 47
Suppose -3*j + 17 = -5*x, -4*j + 2*x + 8 = -x. Let b(c) = -26*c - 1 + 7*c + 2. List the prime factors of b(j).
2, 5
Suppose -72 = -0*k - 2*k. List the prime factors of ((-9)/(k/(-56)))/1.
2, 7
What are the prime factors of 0 + 149 - ((3 - 1) + 2)?
5, 29
Suppose 4*i = 3*q - 514, -q - 3*q = i - 698. Let d = q - 53. What are the prime factors of d?
11
Let p = -166 + 101. Let w = p + 131. What are the prime factors of w?
2, 3, 11
List the prime factors of 4002/5 + (-108)/(-180).
3, 89
Suppose -2*z = -8*z + 606. Suppose 4*a + z = 5*a. List the prime factors of a.
101
Let j = -489 - -1092. What are the prime factors of j?
3, 67
Let u(s) = 381*s**2 + 17*s + 36. What are the prime factors of u(-2)?
2, 7, 109
Let n = -2705 + 4332. What are the prime factors of n?
1627
Let z be (-4)/(3/((-117)/12)). Suppose 2*b + 20 = 4*l, 3*b + 2*b + 10 = 2*l. Suppose b = 11*o - z*o + 34. What are the prime factors of o?
17
Let m(l) = 3*l + 613. Let r be m(0). Suppose -8*f + 475 = -r. List the prime factors of f.
2, 17
What are the prime factors of -4*((-5)/(10/(-158)))/(-4)?
79
Let o = 384 - 38. What are the prime factors of o?
2, 173
Suppose 3*d + 6 = -12. Let c be (184/d)/((-22)/33). Suppose c = -3*m - 2*y + 229, 5*m - 2*y = 305. What are the prime factors of m?
61
Let b(t) = -23*t + 15 + 6*t**2 + 0*t**2 + 36*t. Let f(m) = 5*m**2 + 12*m + 14. Let s(a) = -4*b(a) + 5*f(a). List the prime factors of s(-8).
2, 5
Let z = -49 - -49. List the prime factors of (12/(-3) + z)*-31.
2, 31
Suppose 0 = -14*b + 13*b + 30. Suppose 0*g + b = g. List the prime factors of g.
2, 3, 5
Let y = -880 - -1450. Let r = -307 + y. List the prime factors of r.
263
Let h(y) = -y**2 - y + 1. Let l(x) = -2*x**2 - 4*x - 1. Let r(s) = 3*h(s) - l(s). Let g be r(3). What are the prime factors of 99/g*8/(-12)?
3, 11
Let v be 1 - (4/1)/(0 - 1). What are the prime factors of (-4)/v*(-75)/2?
2, 3, 5
Let b = 2176 - 349. List the prime factors of b.
3, 7, 29
Let k(d) = d + 12. Suppose 0 = 6*s - 9*s + 6. Suppose -5*l - 13 = -r - r, s*r + 2 = 2*l. List the prime factors of k(r).
2, 3
Let t be 68/8 + 2/4. Let l = t - 16. What are the prime factors of -1 + 3 - 49/l?
3
Let g(m) be the third derivative of 2*m**2 + 0 + 0*m + 1/12*m**4 - 1/6*m**3. What are the prime factors of g(5)?
3
Let k(l) = 312*l**2 + 12*l - 31. List the prime factors of k(2).
17, 73
Suppose 2*n + 18 = 4*a, -3 = 2*a + a + 4*n. Let w be ((-2)/(-6))/(a/81). Suppose 0 = -2*x + 43 - w. What are the prime factors of x?
17
Suppose -q + 208 - 3 = -4*o, -2*q = 5*o - 384. What are the prime factors of q?
197
Let g(j) = j**2 + 31*j + 141. List the prime factors of g(-31).
3, 47
What are the prime factors of (-51)/34 + ((-1278)/(-4) - 2)?
